 4*a - 861114 - 746104 = -3*p, 3*p = 5*a - 2009063. Is a a composite number?
False
Let b(t) = -9*t**3 + 6*t**2 + t - 3. Let a be b(-4). Let x be (16/(-32))/(((-10)/1464)/(-5)). Let w = a - x. Is w prime?
True
Let d(u) = u**3 + 2*u**2 - 5*u - 2. Suppose 22*q = 32*q - 20. Suppose h - q = 5*m - 27, -26 = -4*m + 2*h. Is d(m) a prime number?
False
Suppose 0 = t, 3*y - t - 18 = -9. Is ((-44783)/57)/((-1)/y) prime?
True
Let n be -5 + (-175)/(-14) + (-2)/(-4). Is 1151/((-18)/(-2) - n) a prime number?
True
Let t be 426/(-4) - (-6)/48*-12. Let k = 464 + -267. Let d = t + k. Is d a prime number?
True
Let g = 478045 + -298548. Is g composite?
False
Let m = 56647 - 15366. Is m prime?
True
Is 169985 - 13 - (-20 - -5) a composite number?
False
Let f(n) = 21*n + 248. Let k be f(-13). Is (15 + 0)/(-3) + 20241 + k composite?
True
Suppose 6*w + 38090 = 2*w - 5*f, 38092 = -4*w - 4*f. Let s be (w + -8)*(0 + 1/1). Let h = s + 15074. Is h a prime number?
False
Let g = 44536 + -21179. Is g prime?
True
Suppose 42*q + 102*q = 32*q + 127620752. Is q composite?
False
Suppose -5*r - 5*s + 2000985 = 0, -3214*r = -3211*r + 5*s - 1200587. Is r prime?
True
Let c(w) = 195*w - 112. Let d(l) = 98*l - 57. Let r(o) = 2*c(o) - 5*d(o). Is r(-15) a composite number?
True
Let g(f) = 871*f**2 - 237*f - 5609. Is g(-22) prime?
False
Let h = -17177 + 140344. Suppose -20*a - 787 = -h. Is a prime?
False
Let l(t) = -t**3 + 5*t**2 - 12*t + 3. Let n be l(5). Let r = n - -61. Suppose r*g = -6*g + 2670. Is g prime?
False
Let m(d) = 11*d**2 - 13*d + 48. Let c be m(27). Let o = c + -5159. Is o composite?
False
Let c(a) = -7*a - 2. Let d be c(3). Let n(f) = 2*f**2 + 11*f + 72. Is n(d) a composite number?
False
Suppose -23*q = 19*q - 68*q + 17736758. Is q prime?
True
Let h(j) = j**3 + 25*j**2 - 205*j + 54. Is h(-16) a prime number?
False
Suppose 162*r + 1564647 = -161*r + 330*r. Is r prime?
False
Let l = 26502 + -12329. Is l composite?
False
Let b(z) = z**3 - 11*z**2 - 10*z - 21. Let y be b(12). Suppose 3130 = 2*g - 4*l, -y*l - 4687 = -3*g - l. Is g a prime number?
False
Suppose 0 = -z + 4*f + 24, -29 = -z + 7*f - 2*f. Is (-1 - -258) + (-6 - -14)/z a composite number?
True
Let b be 6/4*24/6. Suppose -b*r + 9 = -15. Suppose 3*j + 331 = r*j. Is j a prime number?
True
Suppose 0 = c + 2*c - 5*a - 2963, -5*c + 4949 = -3*a. Let b = c + 228. Is b a prime number?
False
Is 437713 + ((-92)/(-14) - (3 - (-323)/(-133))) prime?
True
Let b(q) = 2975*q**3 - q**2 + 4*q + 5. Let u(d) = 3*d**3 - 3*d + 2. Let i be u(1). Is b(i) a prime number?
False
Suppose 4 = v - 0*v. Suppose -v*s - t + 79 = -60, 123 = 3*s - 3*t. Suppose 3*o - 4*m - s = 25, m = 2. Is o a composite number?
False
Let p(v) = -20247*v**3 + 9*v**2 - v - 44. Is p(-3) composite?
False
Suppose 0 = -8*x + 41 - 1. Suppose -2*s + 5*z = -3343, x*s + 5*z - 4790 = 3550. Suppose s = 4*i - 3*o + 224, 2*i + 3*o - 709 = 0. Is i prime?
True
Suppose 14*q - 10*q = 44. Let f be ((-60)/(-66))/(-5) - (-24)/q. Suppose -f*u + 590 + 856 = 0. Is u prime?
False
Suppose 24*r + 35 = 31*r. Suppose 5*b + r*p = 6115, -4*p + 1 = -15. Is b a composite number?
True
Is 115543 + -47 - 1*-3 prime?
True
Suppose -9*i + 15744 = -7*i. Suppose -2*b - b + i = q, b = -4*q + 31510. Suppose 10*u - 4*x - 7886 = 5*u, -5*u + 2*x = -q. Is u a prime number?
False
Suppose -2*m + x + 13 = 0, m - 3*x + 8*x - 34 = 0. Suppose -m - 15 = -6*i. Suppose -i*w = -6*w + 508. Is w prime?
False
Let k(q) = q**2 + 4*q - 3. Let c be k(-5). Suppose 0 = -0*u + u - 2*x - 7, 3*x + 18 = 4*u. Suppose 0 = u*t + i - 2*i - 770, -c*i = -2. Is t a composite number?
False
Suppose -67*p + 68005770 = -7*p + 150*p. Is p a prime number?
True
Let x be -6 + 11 - 128/(-1 + -1). Suppose -237713 = -x*n + 877534. Is n composite?
True
Suppose -75*o - 75*o + 185*o - 4652585 = 0. Is o prime?
False
Suppose h = 6*h + 105. Let o(z) = z**3 + 21*z**2 + 3. Let j be o(h). Suppose 3*r = -j*d - 2*r + 3740, -2*r - 3775 = -3*d. Is d composite?
True
Let f = 8930 - -48291. Is f a prime number?
True
Suppose -4695 = -g - 1121. Suppose -c + g + 5145 = 0. Is c a composite number?
False
Suppose 7*f - 65 + 450 = 0. Let y = f + 58. Is 2723/y + -5 + (-78)/(-18) composite?
False
Suppose -17*p + 4761135 = -p + 29*p. Is p a composite number?
True
Let x(g) = 108*g**2 + 16*g - 23. Suppose 4*t - 11*t + 70 = 0. Is x(t) composite?
False
Suppose 3*s - 121 + 4 = 0. Suppose 0 = -s*m - 92242 + 721195. Is m a composite number?
False
Let j(l) = -l**2 - 26*l - 20. Let f be j(-25). Suppose -3*v = -8*v - f*o + 280, 0 = -o + 1. Is v prime?
False
Let u be (-1 + 0)*(2 - 4). Let i(a) = 4*a**2 - 5*a. Let p be i(u). Let s(k) = 309*k - 13. Is s(p) a composite number?
True
Suppose 0 = -4*q + 4 - 28. Let z = 6 + q. Suppose 3*t = 2*k - t - 234, z = -2*k - 5*t + 279. Is k composite?
False
Let b(k) = 83357*k + 356. Is b(1) prime?
False
Let w = -670 + 425. Let y = 828 + w. Is y a prime number?
False
Let s(r) = -171*r - 2. Let t(m) = -m. Let h(b) = -s(b) - 5*t(b). Let f be (-5)/(40/12)*(-4)/6. Is h(f) composite?
True
Let a(z) = 5*z**2 + z - 8. Let k be a(2). Let b(i) = -i**3 + 15*i**2 - i + 30. Let h be b(k). Is 2 - ((-3)/3 - h) composite?
True
Suppose 0 = -7*u + 542322 - 62605. Is u a composite number?
False
Let o(z) = 81*z**2 + 8*z - 20. Let l(b) = -b**2 - 17*b + 21. Let a be l(-18). Is o(a) composite?
False
Is 4/(24/(-18))*199791/(-27) a composite number?
True
Suppose 3*p - 8915 = -4*x, -4*p + 2*x + 9717 + 2133 = 0. Suppose -6948 = -3*h - 4*q + p, -4*q = h - 3315. Is h a composite number?
False
Suppose 3*w = s - 2*w - 128, 2*s = -2*w + 316. Let t = 1622 + s. Suppose 0 = 2*g - v - t, g = -g - 5*v + 1793. Is g composite?
True
Suppose 10*l - 5376 = 8*l. Suppose -w - 5*x + l = 0, -5*w + 9*w - 10733 = -x. Is w a composite number?
False
Let v = -648 + 628. Is (3552160/(-24))/v + (-2)/(-3) a prime number?
False
Let p(x) = x**2 - x. Let s be p(3). Suppose 61 = 11*f + s. Is 1332 + (f - 3) - (-2 + -1) composite?
True
Let l(p) = 291*p**2 + 99*p - 37. Is l(32) prime?
False
Is (-2)/(-1) + ((-212750)/(-111))/((-2)/(-33)) a composite number?
False
Let g be (-18)/15*(-5)/2. Let x(v) = -4 + 9*v**2 - 3*v + 3*v - 5 - v**g. Is x(5) a composite number?
True
Suppose 5*v = -2*w - 546, 0*v + 3*w + 324 = -3*v. Let u = v - -6901. Is u composite?
False
Let m(n) = 1359*n**2 - 350*n + 3. Is m(8) a prime number?
True
Let z = -24 - -39. Let k(t) = -z*t + 188*t + 19 - 6*t - 57. Is k(9) composite?
True
Let w be 99/(-165) - ((-39426)/10 + 1). Let h = w - 2628. Suppose 5*v - 1334 = 3*y, -3*v + 4*y = -8*v + h. Is v composite?
True
Let d(c) = -6*c - 1. Let x(m) = 16*m + 450. Let b(w) = -4*d(w) + x(w). Is b(-11) composite?
True
Suppose 91*h + 358*h - 126222431 = 0. Is h a composite number?
True
Let a(r) = -r**2 - 3*r - 2852. Let d be a(0). Is (d/(-6))/(11/((-231)/(-14))) prime?
False
Suppose 10*o - 6*o - 280 = 0. Let q be 1*-2 + o - (-1)/(-1). Suppose -s - h = -q, -2*h - 160 - 96 = -4*s. Is s a composite number?
True
Suppose -13*d - 56*d = -7278879. Is d prime?
True
Suppose 5*r = -2*f + 73, -3*f - 4*r + 73 = -19. Let p be 9/f + 27/(-72). Suppose -2*h - 3*h + 265 = p. Is h prime?
True
Let g(p) = -p**3 + 6*p**2 - p + 17. Let b be g(5). Suppose -924 + b = -f. Let d = f + 122. Is d composite?
False
Let j = 68540 + 310607. Is j composite?
False
Suppose -728316 = 35*h - 3256751. Is h a composite number?
True
Let d(b) = 18*b**2 - 11*b + 17*b**2 + 16*b**2 + 5. Is d(-12) prime?
True
Is (1 - (-40 + 42))/((-1)/578297) composite?
False
Let u(o) = -234*o + 61. Let h(i) = -117*i + 30. Let g(j) = -5*h(j) + 3*u(j). Let p(c) = -56*c - 2916. Let n be p(-52). Is g(n) composite?
True
Suppose -20 = 4*q, -f + 2*q = -3 + 11. Let z = -21 - f. Is -4 - -3 - 48*69/z prime?
True
Suppose -3*z + 84331 + 879860 = 0. Is z a composite number?
False
Suppose 4*m - 97093 = s + 211343, 2*s = 2*m - 154218. Is m a prime number?
False
Let z(u) = u - 3. Let j be z(4). Let l be (j + 0/(-2))/(1/222). Let g = l - -41. Is g prime?
True
Let y(t) = -t**2 + 12*t - 30. Let h be y(4). Suppose -2*w = 6*u - 4*u - 12004, -h*w + 12024 = -2*u. Is w composite?
False
Suppose -9*x + 8*x + 2 = -4*v, 7 = -5*x + 3*v. Is 108/72 + (-20819)/x composite?
True
Let g(p) = p**3 - 34*p**2 + 92*p + 34. Let n be g(31). Suppose -2*y + 15967 = -y + n*f, 2*f = 4. Is y prime?
False
Let m = -31 + 4